{"id":87,"date":"2019-12-11T17:03:01","date_gmt":"2019-12-11T17:03:01","guid":{"rendered":"http:\/\/rsarquitectos.com.mx\/?page_id=87"},"modified":"2019-12-11T17:03:01","modified_gmt":"2019-12-11T17:03:01","slug":"comercio","status":"publish","type":"page","link":"https:\/\/rsarquitectos.com.mx\/index.php\/comercio\/","title":{"rendered":"COMERCIO"},"content":{"rendered":"\n<p>RS a su vez a trabajado o laborado y contribuido con algunas empresas que durante a\u00f1os han brindado diversos servicios a la comunidad , RS enfoc\u00e1ndose en dar una mayor actualizaci\u00f3n en la arquitectura de estos espacios , pues al llevar varios a\u00f1os en el campo de trabajo se han vuelto ambiguos <\/p>\n\n\n\n<p>Estas empresas son conocidas como ISSTE , ADO y Estrella Roja<\/p>\n","protected":false},"excerpt":{"rendered":"<p>RS a su vez a trabajado o laborado y contribuido con algunas empresas que durante a\u00f1os han brindado diversos servicios a la comunidad , RS enfoc\u00e1ndose en dar una mayor actualizaci\u00f3n en la arquitectura de estos espacios , pues al llevar varios a\u00f1os en el campo de trabajo se han vuelto ambiguos Estas empresas son &hellip; <\/p>\n<p class=\"link-more\"><a href=\"https:\/\/rsarquitectos.com.mx\/index.php\/comercio\/\" class=\"more-link\">Continuar leyendo<span class=\"screen-reader-text\"> &#8220;COMERCIO&#8221;<\/span><\/a><\/p>\n","protected":false},"author":1,"featured_media":0,"parent":0,"menu_order":0,"comment_status":"closed","ping_status":"closed","template":"","meta":{"footnotes":""},"class_list":["post-87","page","type-page","status-publish","hentry"],"_links":{"self":[{"href":"https:\/\/rsarquitectos.com.mx\/index.php\/wp-json\/wp\/v2\/pages\/87","targetHints":{"allow":["GET"]}}],"collection":[{"href":"https:\/\/rsarquitectos.com.mx\/index.php\/wp-json\/wp\/v2\/pages"}],"about":[{"href":"https:\/\/rsarquitectos.com.mx\/index.php\/wp-json\/wp\/v2\/types\/page"}],"author":[{"embeddable":true,"href":"https:\/\/rsarquitectos.com.mx\/index.php\/wp-json\/wp\/v2\/users\/1"}],"replies":[{"embeddable":true,"href":"https:\/\/rsarquitectos.com.mx\/index.php\/wp-json\/wp\/v2\/comments?post=87"}],"version-history":[{"count":1,"href":"https:\/\/rsarquitectos.com.mx\/index.php\/wp-json\/wp\/v2\/pages\/87\/revisions"}],"predecessor-version":[{"id":88,"href":"https:\/\/rsarquitectos.com.mx\/index.php\/wp-json\/wp\/v2\/pages\/87\/revisions\/88"}],"wp:attachment":[{"href":"https:\/\/rsarquitectos.com.mx\/index.php\/wp-json\/wp\/v2\/media?parent=87"}],"curies":[{"name":"wp","href":"https:\/\/api.w.org\/{rel}","templated":true}]}}